 divided by (2 - -3) + 9 + l.
73
Let v(a) = -1357*a - 4384. What is the remainder when v(-4) is divided by 27?
18
Suppose -758*y + 752*y + 54 = 0. Calculate the remainder when 345 is divided by y.
3
Let v(h) = 27*h - 9. Let s(w) = 5*w**2 + 3*w. Let l be s(-3). Let d = l - 11. Calculate the remainder when v(4) is divided by d.
24
Suppose -3*q + 5*q = 30. Suppose 14*l - 231 = -105. What is the remainder when q is divided by l?
6
Let f = 411 - 411. Suppose f = -18*p + 1143 - 297. Calculate the remainder when 371 is divided by p.
42
Suppose 11*c - 20*c + 531 = 50*c. Let d = 14 + -7. Let h(g) = g**3 - 7*g**2 + 4*g - 5. Calculate the remainder when h(d) is divided by c.
5
Let i(u) = -4 + 3*u + 2 + 4 + 23*u. What is the remainder when i(6) is divided by 53?
52
Let d = 125 + -124. Let k(c) = 3*c**2 + 3*c + 3. Calculate the remainder when 516/8 - d/2 - 2 is divided by k(-3).
20
Let d(q) = 2*q - 4. Let u be d(3). Suppose 4*x + 104 = u*v + x, 3*v - x = 170. Calculate the remainder when v is divided by (-10)/(-650)*10 + (-308)/(-26).
10
Let m(f) = f**3 + 19*f**2 + 18*f - 59. Let z be m(-16). Let i = z - 407. What is the remainder when 80 is divided by i?
10
Suppose 2*s - 3*v - 4 = -7*v, 0 = s - 2*v - 18. Suppose -s*r - 1206 = -3256. What is the remainder when r is divided by 21?
16
Suppose -k + 1108 = 4*v, 5*v - 9*k - 1385 = -4*k. Suppose -2433 = -44*f - v. Calculate the remainder when f is divided by 14.
7
Suppose 4*v = 7*v - 33. Let d(a) = -6901*a + 214478. What is the remainder when d(31) is divided by v?
8
Suppose 0 = -4*o - 3*j - 33, -3 = -2*o + 4*o - 3*j. Calculate the remainder when 68 is divided by o/4 + 378/28.
8
Let z = 27 + -15. Let i(y) be the second derivative of y**4/12 + 4*y**3/3 + y**2 + 39*y. What is the remainder when i(-11) is divided by z?
11
Suppose -76 + 33 = -t. Let o = 187 - 128. Suppose 2*v + 6*q - q - o = 0, 5*v - 119 = -3*q. Calculate the remainder when t is divided by v.
21
Calculate the remainder when 7347 is divided by -1 + 22/26 - 14168/(-1001).
11
Calculate the remainder when 1513 - 2 - (54/12 + 1/(-2)) is divided by 12.
7
Let y(s) = -s**3 + 5*s**2 + 3*s + 1. Calculate the remainder when 25/((-13 + (4 - -11))/((-2)/(-1))) is divided by y(5).
9
Suppose 0 = -v - 4*v + 135. Suppose -14 = -o + 4*o + j, -3*o - 4*j - 29 = 0. Calculate the remainder when (-55)/44*-40 - o is divided by v.
26
Let p be (-4)/6 - (-102)/18. Suppose p*o - 581 = -6. What is the remainder when o is divided by 13?
11
Calculate the remainder when (-1044)/(-66) + -16 + (-5376)/(-44) is divided by 51.
20
Let u(s) = 3*s**2 + 66*s + 123. Let t(d) = -4*d - 6. What is the remainder when t(-7) is divided by u(-2)?
1
Let c = 29251 + -29242. Calculate the remainder when 4614 is divided by c.
6
Suppose -634*u = -671*u + 21719. Calculate the remainder when u is divided by 64.
11
Suppose -21*m - 4*k = -22*m - 7, -2*k - 37 = -5*m. Calculate the remainder when 1491 is divided by m.
6
Let l = -12161 + 12202. What is the remainder when 7174 is divided by l?
40
Suppose -4*w + 36 = 4*i, 5*w - 6 = -4*i + 31. Let s = 14 - i. Suppose -19*h + 1296 - 308 = 0. Calculate the remainder when h is divided by s.
4
Let d(z) = 351*z**2 + z - 2. Let l be d(1). Suppose 0 = 6*m - m - l. What is the remainder when m is divided by 2/(-8) + 12/(-16) - -37?
34
Suppose -3*l + 3*j + 490 - 193 = 0, -3*l - j = -301. Let m = -2306 + 2324. Suppose l = -m*t + 23*t. What is the remainder when 38 is divided by t?
18
Let j(d) = 5*d**3 + 5*d**2 - 51*d + 136. Calculate the remainder when j(3) is divided by 13.
7
Let c = 838 - 710. Let k(y) = 3*y + 26 + 2*y - 4*y. What is the remainder when c is divided by k(0)?
24
Let j = 12650 + -12550. Calculate the remainder when 4898 is divided by j.
98
Let x(m) = 4*m + 26. Let a = -9 - 31. Let i be 12/(-20)*a/4. What is the remainder when x(i) is divided by 18?
14
Let w(k) = -k**3 + 5*k**2 - 9*k + 17. Let f be w(5). Let b = -19 - f. What is the remainder when 34 is divided by b + (0/(-1))/(-2)?
7
Let f(c) = 4*c**2 + 5. Let n be 6 + -3 + -3 - (-8 + 3). Calculate the remainder when f(n) is divided by 12.
9
Let u = 310 + -304. What is the remainder when ((-11)/(-33))/(2/414) is divided by u?
3
Let z(g) = -g**3 + 14*g**2 + 29*g - 146. Calculate the remainder when z(15) is divided by 60.
4
Let y = 13715 - 9538. Calculate the remainder when y is divided by 19.
16
Suppose 14*z - 1144 - 558 = -358. What is the remainder when 1340 is divided by z?
92
Suppose 67*c - 68*c = -4, 5*c - 377 = -3*f. What is the remainder when 1535 is divided by f?
107
Suppose 0 = -r + 5 + 6. Let n be (-9 - 48/(-6))/((-2)/18). Suppose 0 = -r*v + n*v + 26. Calculate the remainder when 25 is divided by v.
12
Let o = 192 - 88. Suppose -4*h = -o + 24. Suppose 5*u - 315 = 5*s, -367 = -5*u + 3*s - 62. Calculate the remainder when u is divided by h.
18
Let y = 42 + -25. Let q = -300 - -346. Suppose -2*c + q = -80. Calculate the remainder when c is divided by y.
12
What is the remainder when 3205 is divided by ((18900/24)/25)/((-4)/(-8))?
55
Let t(f) = -870*f**2 + f + 1. Let q be t(-1). What is the remainder when q/(-9) + (-3)/(-9) is divided by ((-34)/(-3) + -11)/((-1)/(-147))?
48
Let o = -53 - -58. Suppose -4*j + 2520 = o*j. Suppose 11*h - j = 6*h. What is the remainder when h is divided by 12?
8
Suppose 4*x - 68 = -5*o, 43 = 4*o + 2*x - 9. Let d(a) = 7*a**2 - 25*a + a**3 + 11*a + 9*a + 13*a + o. Calculate the remainder when d(-3) is divided by 9.
6
Let h = 94 - 29. Let s = 646 - 261. What is the remainder when s is divided by h?
60
Suppose -3*q + 0*q + 3*z + 150 = 0, 2*q + z - 103 = 0. Calculate the remainder when 93 is divided by q.
42
Suppose -21 = -j + 5*f, 0*j = -4*j + f + 160. Calculate the remainder when 5821 is divided by j.
40
Let x = 3302 + -666. Calculate the remainder when x is divided by 20.
16
Let s(q) = 8*q - 350. Let n be s(42). What is the remainder when 437 is divided by 4 - -12*n/21 - -48?
41
Let l(y) = -y**3 + 7*y**2 - 3*y - 1. Let a be l(3). Let g = a - 14. Calculate the remainder when (-88)/(8/(-4))*1 is divided by g.
8
Let t(k) be the third derivative of -11*k**4/12 - 2*k**3/3 - 8*k**2. Let m be t(-1). Calculate the remainder when 161 is divided by 3/(-2)*7/((-7)/m).
26
What is the remainder when 21756/10*((-2014)/76 + 29) is divided by 4?
3
Let z be 152/36 - (-10)/(-45). Suppose 104 = z*m - 80. What is the remainder when 274 is divided by (18/(-12) + 1)*m/(-1)?
21
Let g = 55 - -13. Let h = g - 74. Calculate the remainder when (((-3)/9)/1)/(h/1818) is divided by 34.
33
Suppose 1447 = 8*y + 591. Let p = y + -62. Calculate the remainder when p is divided by 12.
9
Let p(k) = k**3 + 4*k**2 + 3*k + 27. Let n(h) = 2*h**2 - 23*h + 59. Let r be n(7). What is the remainder when 28 is divided by p(r)?
13
Suppose 0 = -3*y - 0 - 3. Calculate the remainder when (-1)/y + 53 + 7 is divided by (13/(-4) + 4)/(19/228).
7
Suppose -54*m = -59*m - 110. Let c = m + 24. Suppose -4*o + 48 = c*n - 10, 4*n + 19 = o. What is the remainder when 43 is divided by o?
13
Let o = 319 - 315. Suppose -o*x - 2*b - b = -58, -5*x = -5*b - 90. Calculate the remainder when 91 is divided by x.
11
Let a(s) = s**3 + 12*s**2 + s - 11. Suppose 6*k - 17 = 13. Suppose k*o + 22 = 8*o + 4*f, -f - 2 = 0. What is the remainder when a(-11) is divided by o?
9
Let w = 4057 + -3891. Calculate the remainder when 384 is divided by w.
52
Let c(d) = -50*d - 64. Let b be c(-10). Suppose -5*y - 1 = -2*u + 189, -4*u + b = 4*y. What is the remainder when u is divided by 24 + (0 - (-1 - -3))?
17
Suppose 0 = -5*i - 2*r + 225, -3*i = 5*r - 398 + 263. What is the remainder when 587 is divided by i?
2
Suppose y - 5*i = 263, 174 + 1197 = 5*y + 3*i. Calculate the remainder when 567 is divided by y.
21
Let p = 1662 + -1166. What is the remainder when p is divided by 50?
46
Let u(j) = -2*j**3 + 20*j**2 + 25*j - 119. What is the remainder when u(9) is divided by 41?
22
Suppose 4*l = -2*q + 36, 70 = -3*q + 6*q - 2*l. Let v = -13 + 10. Let n = v + q. What is the remainder when n is divided by 2?
1
What is the remainder when 864 is divided by (-2396)/(-10) + (-170)/(-425)?
144
Let c(i) = 658*i + 4184. What is the remainder when 411 is divided by c(-6)?
175
Let j(h) = -110*h**3 + 2*h**2 - 1. Suppose 0*z = 8*z - 128. Suppose 2*p - z - 30 = 0. What is the 